2115157
What is -41d18 (base 16) in base 13?
-9592b
-333530 (base 16) to base 6
-155532452
What is -333003 (base 9) in base 11?
-126588
Convert -1ad237 (base 15) to base 3.
-2110112222121
256992 (base 12) to base 16
95afe
Convert 3077e (base 15) to base 5.
14403234
Convert 141050213 (base 6) to base 5.
1212240302
What is -4044 (base 8) in base 2?
-100000100100
-13402204 (base 6) to base 12
-199364
What is -335115 (base 7) in base 2?
-1110100000001000
-101000011001110100 (base 2) to base 3
-22102000100
Convert -6c199 (base 14) to base 7.
-2145652
What is 12212130 (base 5) in base 2?
11100011100111100
Convert 1010111001011111 (base 2) to base 4.
22321133
6462364 (base 7) to base 10
788407
What is 1023101 (base 8) in base 11?
176346
What is -12211021100000 (base 3) in base 6?
-150203213
Convert -b3981 (base 16) to base 7.
-6152441
What is -101110000100000010011 (base 2) in base 7?
-15554366
1d1b8a (base 16) to base 11
1093227
1700047 (base 9) to base 2
11100110101010111011
What is -228990b (base 12) in base 2?
-11001011000000111011011
Convert 554722 (base 10) to base 6.
15520054
Convert 3c308 (base 14) to base 13.
52940
Convert 21192 (base 12) to base 8.
124676
2013d (base 16) to base 2
100000000100111101
Convert -1818426 (base 12) to base 7.
-60412452
16364406 (base 8) to base 14
70b142
Convert -40410205 (base 6) to base 10.
-1152221
-541451402 (base 6) to base 14
-13bd5d8
13eec (base 16) to base 14
21a7a
What is 4017455 (base 11) in base 6?
412224042
What is -32033112 (base 5) in base 15?
-545a7
Convert -13d4209 (base 14) to base 9.
-20143456
-36600310 (base 8) to base 9
-16145708
Convert 303212312 (base 5) to base 2.
100101011010011100101
94932 (base 11) to base 7
1113652
What is -1016432 (base 12) in base 5?
-1233031302
What is -20401254 (base 6) in base 2?
-10010000010111000010
What is -210312031 (base 4) in base 12?
-73411
What is -6440676 (base 8) in base 6?
-100514302
875bd (base 14) to base 12
13976b
10b19c (base 13) to base 12
17103a
Convert -16468374 (base 10) to base 14.
-2289846
-18b8c9 (base 13) to base 7
-5213341
Convert 22221221121 (base 3) to base 11.
110576
-20203133 (base 4) to base 14
-caab
Convert -28631 (base 15) to base 8.
-375156
What is -110323301 (base 4) in base 13?
-3004a
-36202 (base 9) to base 7
-130421
What is -10120120101001 (base 3) in base 8?
-7200346
2996079 (base 12) to base 13
198538b
-664c16 (base 14) to base 13
-946a29
-209b40 (base 14) to base 3
-2002000102102
92972 (base 10) to base 13
33419
Convert -441510011 (base 6) to base 11.
-4523229
1100110101110001011110 (base 2) to base 11
1999a04
What is -77344 (base 8) in base 7?
-163464
-766014 (base 11) to base 12
-4aba58
2100143 (base 5) to base 2
1000011001110111
What is -110022020011 (base 3) in base 16?
-3b212
What is 11111213122 (base 4) in base 8?
5254732
What is 7e613 (base 16) in base 11?
323a12
What is -13332020013 (base 4) in base 5?
-1013330404
314421113 (base 6) to base 12
1a31799
Convert 1204440414 (base 5) to base 7.
32621130
What is 221033 (base 9) in base 5?
13210404
What is 1241603 (base 7) in base 9?
265482
-21320421 (base 5) to base 9
-307441
68185 (base 13) to base 4
232030210
123330442 (base 5) to base 3
1010202001221
What is 176dc (base 14) in base 13?
20b10
What is 108dc5 (base 15) in base 2?
11000000101111101101
Convert 102200312 (base 5) to base 10.
428207
What is 3342145 (base 6) in base 4?
221100101
What is -1145443 (base 7) in base 15?
-2d3d7
315344450 (base 6) to base 7
65304633
22b184 (base 16) to base 4
20223012010
Convert 1412212233 (base 5) to base 3.
20211112102200
What is -167501 (base 8) in base 12?
-2b541
What is -101040032 (base 5) in base 14?
-a8d79
Convert -15a47a3 (base 12) to base 2.
-10000111101010101101011
Convert -10100111101111110000 (base 2) to base 7.
-5561113
What is -21700323 (base 9) in base 6?
-1013141550
-449051 (base 15) to base 3
-20011011012211
16a2006 (base 11) to base 2
1011000000110100100001
Convert 1975b7 (base 12) to base 14.
b95b5
What is 7126323 (base 8) in base 13?
50a4aa
Convert 233020112110 (base 4) to base 5.
11130324324
What is -110011011001000 (base 2) in base 8?
-63310
What is -87854b (base 12) in base 13?
-5a3a43
What is 30303503 (base 7) in base 5?
1121203302
Convert -41713 (base 13) to base 9.
-188331
What is b99a (base 16) in base 13?
1881c
What is 72115 (base 12) in base 9?
246058
Convert 15786 (base 11) to base 9.
33447
What is 20130200123 (base 4) in base 11?
1282390
Convert -1424375 (base 8) to base 14.
-a71a5
Convert -2120020200 (base 3) to base 2.
-1100010100110001
Convert 1773764 (base 11) to base 8.
13357553
What is 122933 (base 14) in base 16?
97d81
What is -15acd2 (base 15) in base 16?
-10023b
What is -11122321303 (base 4) in base 12?
-586357
What is 39419 (base 12) in base 7?
444306
Convert -1365239 (base 11) to base 3.
-11102100220111
Convert -1e6821 (base 15) to base 10.
-1490206
What is -97e5b9 (base 15) in base 3?
-111121200201010
Convert 2122122012 (base 3) to base 13.
1aa02
What is -a10554 (base 11) in base 4?
-12030323113
What is 2121232300 (base 4) in base 3?
1011222202111
What is -96078 (base 15) in base 10?
-475988
-108061 (base 9) to base 14
-19944
What is -143767 (base 10) in base 15?
-2c8e7
What is 3122313031 (base 4) in base 12?
372951
135131224 (base 6) to base 10
2764672
Convert 32302200 (base 4) to base 9.
102076
220562 (base 8) to base 3
10202122101
Convert 15622043 (base 8) to base 9.
6717086
-129c089 (base 14) to base 12
-3013089
Convert -10161267 (base 8) to base 7.
-24214233
Convert 344452453 (base 6) to base 2.
11000010110011100110001
What is 110154552 (base 6) in base 15?
29023e
What is -114171 (base 10) in base 9?
-183546
What is -100102000212201 (base 3) in base 16?
-4c4bba
Convert -302a2 (base 11) to base 2.
-1010110011110101
Convert -1dc77 (base 15) to base 12.
-48394
Convert -742236 (base 8) to base 12.
-baaa6
What is -2564165 (base 7) in base 9?
-560732
Convert 1210106 (base 8) to base 5.
41104341
What is -2103074 (base 8) in base 2?
-10001000011000111100
Convert -32885 (base 9) to base 13.
-9c50
Convert -1210010001112 (base 3) to base 7.
-11022653
2410256 (base 7) to base 10
305066
What is 101000101101010001011 (base 2) in base 12?
543b23
-960ac (base 15) to base 4
-1310032011
What is -3c7b29 (base 16) in base 9?
-7411138
What is c100a (base 14) in base 11?
297468
Convert 1102111221020 (base 3) to base 2.
10111001000101100000
Convert -1240512 (base 8) to base 14.
-8d718
1607848 (base 9) to base 2
11011001101010001010
What is 102110222120001 (base 3) in base 9?
12428501
1100000100010101 (base 2) to base 10
49429
What is -16554026 (base 7) in base 15?
-22207e
Convert -1513c1b (base 13) to base 3.
-110122102202121
Convert 19592 (base 15) to base 7.
461555
What is 3343244104 (base 5) in base 2?
11100001110100111100000
-5cc4d7 (base 15) to base 12
-15a4aa1
What is 16517052 (base 9) in base 14?
1156d87
Convert -1020220212012011 (base 3) to base 11.
-a1a2927
Convert -10332422 (base 5) to base 3.
-11120002121
What is a49b0 (base 15) in base 8?
1773324
Convert -118882 (base 13) to base 4.
-1212101020
What is 27cee (base 15) in base 4?
133030313
What is -100201021100 (base 3) in base 13?
-69045
What is -122454104 (base 6) in base 2?
-1001000010111011011000
What is -2115243 (base 6) in base 14?
-29a55
What is 11221001122 (base 3) in base 16?
17ae9
-113604 (base 11) to base 16
-2c0bf
What is 34352220 (base 7) in base 10?
3004449
Convert 1211022011 (base 3) to base 5.
2122231
-4614332 (base 8) to base 2
-100110001100011011010
What is -5585a (base 12) in base 10?
-113542
What is -315bd (base 15) in base 2?
-100110001110001001
-246aa70 (base 11) to base 9
-8057410
Convert -f295 (base 16) to base 3.
-10011012001
Convert -100101101010111101001001 (base 2) to base 5.
-10012002043
-39116d (base 14) to base 10
-1962253
What is 202100200201 (base 3) in base 9?
670621
-200110211202 (base 3) to base 11
-229247
What is -2333320000 (base 4) in base 6?
-24502304
Convert -3520328 (base 9) to base 6.
-104441555
What is 114250 (base 7) in base 6?
235521
Convert -14565250 (base 7) to base 10.
-1394428
311262 (base 7) to base 5
3201212
Convert -63177 (base 8) to base 3.
-1022222211
Convert 21230330222 (base 4) to base 16.
26cf2a
Convert -3da630 (base 14) to base 4.
-20022